 2. Determine h(z).
-9
Suppose b = k - 0*k - 3, 0 = k - 2*b - 6. Let v(d) = d + d**3 - 3*d**2 + d - 2 - 3*d + k*d. Calculate v(4).
10
Let u(h) = h**2 + 5*h - 18. Let t be u(-8). Suppose -2*q - 2*k = -t, 5*q - 4*k = -0*q + 60. Let d(p) = p**2 - 6*p - 9. Calculate d(q).
7
Let j(h) = h**3 - 9*h**2 + 9*h - 2. Suppose -31 = 40*g - 351. Give j(g).
6
Let p(s) = 3*s**2 - 19*s - 44. Let x be p(8). Let i(q) be the second derivative of -q**5/20 - q**4/4 + 5*q**3/6 - q**2/2 + 2*q. Give i(x).
-5
Let j = 2 + -4. Let l(c) = 11*c**3 + 18*c**2 - 2*c + 11. Let p(i) = -5*i**3 - 8*i**2 + i - 5. Let u(y) = 4*l(y) + 9*p(y). Give u(j).
5
Let k(h) = 170*h + 1 - 6 - 168*h. What is k(9)?
13
Let c(j) = -j - 2. Suppose 0 = -2*z - 258 + 256. Determine c(z).
-1
Let f(l) be the first derivative of l**3/3 - 3*l**2/2 - l + 174. Calculate f(4).
3
Let f(o) = -o**2 + 6*o + 4. Let b be f(5). Suppose 0 = d + 2*x - 10 - 2, -b = -3*x. Let r(v) = 0*v + v - 4*v - 9 + d. Give r(-2).
3
Let i(l) be the second derivative of -l**3/6 + 3*l**2 - 3*l. Suppose 4*u = -a - 5, 2*a = -0*u + u + 8. Let b be a/(-2)*40/(-12). Determine i(b).
1
Let w(j) be the second derivative of -j**4/12 - j**3 + 11*j**2/2 - 2*j - 17. Calculate w(-8).
-5
Let p(z) = 6*z**2 - 2*z + 1. Let m(n) = -9*n - 125. Let r be m(-14). What is p(r)?
5
Let b(a) = 5 - 3*a**2 + 1 + 5*a + 2 + 2*a**2. Let i be ((-8)/(-6)*-9)/(-2). Determine b(i).
2
Suppose -6*p - 27 = -15*p. Suppose 0 = 2*q - 5 + 1, p*a = 2*q + 5. Let b(r) = r**3 - 5*r**2 + 4*r - 2. What is b(a)?
-8
Let x(c) = -c - 9. Suppose -4*i - 34 = -6. Let g be x(i). Let a(q) = q + 2. Calculate a(g).
0
Let h(j) = 5*j. Let t(n) = 19*n - 5. Let y(w) = -4*h(w) + t(w). Calculate y(-3).
-2
Let q(m) = -m**3 + 13*m**2 - 22*m - 6. Let x = 348 - 337. What is q(x)?
-6
Let a(b) be the first derivative of b**4/4 - b**3/3 - b**2 + b + 199. Let d(f) = f**3 + f**2 - 2*f + 1. Let q be d(2). Suppose k + 2*k - q = 0. Calculate a(k).
13
Suppose 2 = d + 3*t, -12 + 8 = 3*d - t. Let l(m) = -29*m**3 - m. Give l(d).
30
Let x(h) = -7*h**2 + h - 10. Let f(r) be the first derivative of r**3 + 5*r + 7. Let z(k) = 9*f(k) + 4*x(k). Suppose -20 = s - 5*s. Calculate z(s).
0
Let p(v) = -v**3 + 7*v**2 - 6*v + 5. Let a(o) be the third derivative of o**5/60 - o**4/24 + o**3/6 + 6*o**2. Let q(b) = 6*a(b) - p(b). Calculate q(3).
19
Suppose 0 = -i - y + 25, 6*i = 2*i - 5*y + 98. Suppose -4*r = 4*j + r - 3, -4*r = -5*j - i. Let h(d) = -d**3 - 3*d**2 - 1. Give h(j).
-1
Let t(q) = -29*q + 1. Let h(r) = 10*r. Let s(o) = 8*h(o) + 3*t(o). Let l = 5718 - 5721. Give s(l).
24
Let m(o) = -o**2 + 7*o - 2*o - 6 + 2. Let l = -167 + 109. Let k = 61 + l. Calculate m(k).
2
Let d(b) = -b**2 - 2 - 2 + 5 + 5*b. Let c(k) = -110*k**2 + 229*k**2 - 121*k**2 + 11*k. Let j be c(5). What is d(j)?
1
Suppose 6 = -0*r + 2*r + 2*h, -2*h = -4*r + 12. Let z(c) = c**r - 6*c**2 + 4 + 2 - 7. Determine z(6).
-1
Suppose -5 + 32 = -9*x. Let w(g) = g**2 + g. Let f(n) = -4*n**2 - 5*n + 2. Let m(z) = f(z) + 2*w(z). What is m(x)?
-7
Let m(b) be the third derivative of 1/120*b**5 + 0*b + 0 + 7*b**2 - 5/24*b**4 - 2/3*b**3. Let h(s) be the first derivative of m(s). Determine h(7).
2
Let n(g) = 2*g**3 - 16*g**2 + 11*g - 19. Let j(r) be the first derivative of -9*r + 1/4*r**4 + 1 + 3*r**2 - 8/3*r**3. Let c(l) = 5*j(l) - 2*n(l). What is c(7)?
0
Let v be 2/(-7) - 32/(-14). Let l(q) be the first derivative of -3*q**4/4 + q**3 - q**2 + 2*q + 66. Calculate l(v).
-14
Let b(o) = o - 7. Let g be (424/10)/4 - (-24)/60. Give b(g).
4
Let n(q) = -5*q + 2. Let r = -127 - -130. Determine n(r).
-13
Suppose 0 = 3*m - 0*m - 6. Let h(o) be the first derivative of 3*o**2 + 2*o + 0 - 4 - 2*o. Give h(m).
12
Let g(v) = 3*v**2 - 20*v - 39. Let j be g(8). Let q(c) = c**3 + 6*c**2 - 9*c - 7. Determine q(j).
7
Let q(b) = -2*b + 7. Let u be ((-10)/(-4))/(3/6). What is q(u)?
-3
Suppose 0*x = -3*x + 141. Suppose -4*f - 22 = 2*d - 4*d, 5*f + 4*d + x = 0. Let r = 9 + f. Let a(c) = c + 1. What is a(r)?
3
Let t = 1 + -6. Let i(c) = c**3 + 4*c**2 - 8*c - 5. Give i(t).
10
Let g(a) be the second derivative of a**5/20 + 5*a**4/12 + a**3/6 - a**2/2 + 114*a. What is g(-4)?
11
Let n = -18 - -30. Let k(i) = -i + 13. Determine k(n).
1
Suppose -36 + 8 = -4*x. Let z(j) = j**2 - 2*j**2 + j - x*j + 1. Suppose -52*m - 92 = -17*m + 48. Calculate z(m).
9
Suppose -3*x + 265 = -170. Let h = x - 149. Let p(m) = 2*m + 5. What is p(h)?
-3
Let p(b) be the first derivative of -b**6/360 - b**4/2 - 8*b**3/3 + 25. Let k(a) be the third derivative of p(a). Calculate k(0).
-12
Let j(y) = -8*y**2 + 2. Let w(b) = -2*b**3 + 4*b**2 - 1. Let u(l) = l**3 - 3*l**2 + 1. Let i(t) = -3*u(t) - 2*w(t). Let o(g) = i(g) - j(g). Determine o(-9).
-3
Let d(h) = -18*h + 44*h + 2 - 14*h - 9*h - 5*h. Give d(-4).
10
Let p be (7 - 12/4) + 2. Let s(h) = -h**2 - h + 3. Calculate s(p).
-39
Let g be 6/(-4) - (-27)/6. Let z be 24 + g/(-4 - -1). Let u = 17 - z. Let f(m) = m**2 + 5*m. Calculate f(u).
6
Let t(y) = y**3 - 6*y - 9. Let n(b) = b + 2. Let k(w) = -4*n(w) - t(w). Determine k(-2).
5
Let p(l) = -l + 11. Let h(k) = -3*k + 35. Let n(v) = -2*h(v) + 7*p(v). What is n(3)?
4
Suppose 0*g = -5*g. Suppose g*f = 5*f. Let l(i) = 33*i + f - 2 - 31*i. Give l(-2).
-6
Let j(u) be the third derivative of 0 - u**2 - 1/8*u**4 + 46*u - 5/2*u**3. Calculate j(-6).
3
Let y(d) be the first derivative of -7*d**4/2 + d**3/3 + 1. Let v(k) = -3*k**2 + 103*k - 33. Let w be v(34). Give y(w).
-13
Let w(v) = -4*v**2 + 12*v - 2. Let t(s) = s**2 + 1. Let b(c) = -5*t(c) - w(c). Give b(-12).
-3
Let y(o) be the first derivative of -o**7/840 + 7*o**6/360 - o**5/30 - o**4/3 - 8*o**3/3 + 2. Let c(b) be the third derivative of y(b). What is c(6)?
4
Let j(m) be the second derivative of -7*m**4/6 + 2*m**3/3 - 3*m**2/2 - 583*m. Determine j(1).
-13
Let t(r) be the third derivative of 0 - 2/3*r**3 + 8*r**2 + 1/24*r**4 + 0*r. Calculate t(3).
-1
Let o(v) be the second derivative of v**4/12 + v**3/3 - v**2/2 - 3*v. Suppose -12*i + 64 = -28*i. Give o(i).
7
Let o(j) = -j - 3. Let y(p) = -4*p - 15. Let a(w) = 6*o(w) - y(w). Let i = 7 + -4. What is a(i)?
-9
Let w(a) be the second derivative of -a**3/6 + 4*a - 8. Give w(5).
-5
Let r(i) be the third derivative of -i**6/120 - 2*i**5/15 + i**4/3 + 4*i**3/3 - 68*i**2. Calculate r(-9).
17
Let h(t) = -15*t - 9*t + 44*t - 11*t - 12*t - 13. What is h(-14)?
29
Let t(q) = q**2 + 8*q + 2. Let j be ((-45)/(-25))/((-1)/(-5)). Let l be 6/j*-6 + -25. Let k = 23 + l. What is t(k)?
-10
Let t(k) = -k + 1 + 2*k**2 - k**2 - 2*k**2. Let y be -9 + (-6)/(-3) - (-3)/1. Determine t(y).
-11
Suppose -6 = -2*t + 2*p - 3*p, 4*t - 3*p = 32. Let b be ((-2)/4)/((-1)/4). Let i(r) = -4*r**2 + 0*r**3 + r**b + t*r**2 + r**3 + 3 - 2*r. Calculate i(-3).
0
Let f(x) = 2*x**2 - 5*x - 19. Let a(p) = -p**2 + 3*p + 9. Suppose w - 13 = 2*l, -3*l - w + 6*w - 2 = 0. Let k(n) = l*a(n) - 4*f(n). Determine k(7).
-5
Suppose -3*b = 4*a + 2 + 1, 19 = -2*a - 5*b. Let f = -9 + 13. Let m(v) = -5*v**2 - 6*v + 2. Let d(n) = 4*n**2 + 6*n - 1. Let t(j) = a*m(j) + f*d(j). Give t(-6).
2
Let m(b) = -b + 1. Let s(y) be the third derivative of y**5/60 + y**4/4 - 2*y**3/3 + 15*y**2. Let j(z) = -5*m(z) - s(z). Determine j(-1).
-1
Let l = -5/71 + 81/142. Let f(u) be the first derivative of -l*u**2 - u - 6 + 5*u**3. Calculate f(-1).
15
Suppose 82*d = 78*d + 24. Let l(g) = g**3 - 6*g**2 - g + 1. What is l(d)?
-5
Let i(f) be the second derivative of -f**6/360 - f**5/40 - f**4/6 + 2*f**3/3 + 11*f. Let h(a) be the second derivative of i(a). What is h(-3)?
-4
Let q(u) = u**2 + u + 1. Let n = -14 + 21. Let d(b) be the third derivative of b**5/20 + b**4/12 + b**3/3 - 3*b**2. Let v(w) = n*q(w) - 2*d(w). Determine v(-4).
7
Let l(g) be the third derivative of -g**6/120 - 2*g**5/15 - g**4/4 + g**3/2 - 82*g**2. Give l(-7).
-4
Let h(c) be the first derivative of -c**7/840 + c**6/180 - c**5/40 + c**4/12 - 8*c**3/3 - 4. Let n(d) be the third derivative of h(d). Calculate n(2).
-4
Let p = 55 + -53. Let d(f) be the second derivative of 1/12*f**4 - f - 1/2*f**p - 7/6*f**3 + 0. Calculate d(6).
-7
Suppose -8 = 4*l - 20. Let f(c) = 2 + 4*c - l*c**2 + c**3 - c**2 + 0*c**3 - 3. What is f(3)?
2
Let q(y) be the third derivative of -y**4/3 + 2*y**3 + 2*y**2 + 611*y. Determine q(9).
-60
Let v = -511 - -511. Let y(u) = -u**2 - u + 18. 